ose 0 = -2*b + u*n + 33, 0*b = 2*b - 2*n - 18. Suppose -2*w = -b*w + 40. Calculate the remainder when w is divided by 7.
6
Suppose 5*a + 10 = -15, 4*u - 4*a = 64. What is the remainder when 43 is divided by u?
10
Let g(h) = -h**2 + 6*h - 4. Let k be 66/18 - (-2)/(-3). Suppose 4*d - k*f = -2*f + 27, 3*d - 4*f = 17. What is the remainder when d is divided by g(4)?
3
Suppose -5*l + 148 = -77. Let r = l - -4. What is the remainder when r is divided by 17?
15
Suppose -7*l + 482 + 540 = 0. Calculate the remainder when l is divided by 21.
20
Suppose 96 = 3*q - 0*q. Let w(u) = -u + 1. Let x(r) = 13*r + 6. Let y(k) = 5*w(k) - x(k). What is the remainder when q is divided by y(-1)?
15
Let h(u) = -5*u. Let t be h(-2). Suppose -t = -4*m - m. Suppose -4*r + 6 = -m*r. Calculate the remainder when 11 is divided by r.
2
Let w(q) = q - 2*q - 5*q + 2*q**2. Calculate the remainder when 29 is divided by w(4).
5
Suppose 85 = q - 5*s, 5*q - 265 = q - 5*s. Calculate the remainder when q is divided by 36.
34
Suppose m + 4 - 6 = 0. Suppose m*o = -o + 72. What is the remainder when o is divided by 14?
10
Suppose -q + 774 = 5*q. Calculate the remainder when q is divided by 33.
30
Let p(u) = -u**3 - 13*u**2 + 13*u + 20. Let a(x) = 3*x**2 - 4*x + 3. Calculate the remainder when p(-14) is divided by a(3).
16
Suppose -5*x + 4*v + 63 - 10 = 0, -4*x = -v - 38. Calculate the remainder when 25 is divided by x.
7
Let i(b) = -b**3 + 4*b**2 + 6*b + 1. Calculate the remainder when 7 is divided by i(5).
1
Suppose 65 = 3*j + 2*g, 3 = j - 5*g + 4. What is the remainder when 36 is divided by j?
17
Suppose -3*x = -5*k - 35, 3*x + k - 17 = 2*x. Calculate the remainder when x is divided by (-580)/52 + 11 + 80/13.
3
Suppose f + 2 = -5*c, 0*f + 2*c + 8 = 2*f. Suppose 2*q = -f*g + 2*g + 8, 0 = 4*g + 3*q - 52. Calculate the remainder when 47 is divided by g.
15
Let x(u) = u + 11. Calculate the remainder when 31 is divided by x(6).
14
What is the remainder when 28 is divided by (17 + 13)*(-1)/(-2)?
13
Let c(s) = -s**2 - 19*s - 11. Calculate the remainder when 89 is divided by c(-17).
20
Suppose -6*b = -2*b - 192. Suppose -4 = 4*m, -4*m = -3*w - 0*m - 2. Calculate the remainder when b is divided by (9 + 8)*(-2)/w.
14
Let y = 9 - 4. Let c = 9 + 8. Calculate the remainder when c is divided by y.
2
Suppose 5*w = 8 + 17. Let o = 8 - 5. What is the remainder when w is divided by o?
2
Let k be (-15)/3*4/10. Let j be (k + 0)/(4/(-22)). Suppose 2*t - j = t. Calculate the remainder when t is divided by 6.
5
Let p be 2 + (1 - 20*-1). Let k = p + -13. Let r = 86 - 58. What is the remainder when r is divided by k?
8
Let o = 82 - 70. What is the remainder when 58 is divided by o?
10
Let g be (2 + -2)/((-4)/(-4)). Suppose g = -5*r - 4*m + 5*m + 45, 4*r = -3*m + 17. Calculate the remainder when 23 is divided by r.
7
Let f = -9 - -13. What is the remainder when 13 is divided by f?
1
Suppose -4*q = 0, 3*q + 2*q + 2 = o. What is the remainder when 10/(-2 + -3)*-2 is divided by o?
0
Let m = 67 + -54. What is the remainder when 76 is divided by m?
11
Let n(y) = y**2 + y - 2. Let q be n(2). Suppose -3*j - 2 = -q*j. What is the remainder when 7 is divided by j?
1
Suppose 0 = -4*m + 105 + 35. Suppose t + 4 = -3*n, n = 3*t + 6*n. Suppose t*f + 2*z - 56 = 3*z, z + 32 = 3*f. Calculate the remainder when m is divided by f.
11
Suppose 0 = 2*i - 5*s - 67, -i + 193 = 4*i - 4*s. What is the remainder when i is divided by 11?
8
Suppose 2*z = -5*p + 131, -5*z + 280 = -2*p + 5*p. Suppose -3*q - 5*i + 25 = 6, 18 = q + 4*i. Calculate the remainder when z is divided by 128/7 + q/7.
17
Suppose -1 = -2*p + 3. Let s = p - -8. Suppose -5 - 13 = -z. Calculate the remainder when z is divided by s.
8
Suppose 0 = 2*t + 4 - 2. Let i(f) = 20*f**2 - 1. Suppose -2*s = 6, -l - l + 5*s = -35. Calculate the remainder when i(t) is divided by l.
9
Suppose 3*g = 2*g + 4, 3*g + 32 = 4*w. Calculate the remainder when 173 is divided by w.
8
Let w(o) = -o**3 - 7*o**2 + 6*o + 1. Suppose 0*u + 3*u = -24. What is the remainder when w(-8) is divided by (u/2)/(10/(-15))?
5
Let i = 46 - 20. What is the remainder when 67 is divided by i?
15
Let h = -3772 - -5378. What is the remainder when (-2)/3 + h/33 is divided by 17?
14
Suppose 3*j - 150 = -2*j. Calculate the remainder when 87 is divided by j.
27
Let t = 18 - -34. Let f = 8 - 4. Suppose 50 = 4*u + m, 5*u - f*m + 0 = t. Calculate the remainder when 34 is divided by u.
10
Let v(c) be the third derivative of -c**5/60 - c**4/4 + 5*c**3/6 - c**2. Let d(k) = k**2 + 4*k - 2. What is the remainder when v(-6) is divided by d(-5)?
2
Let m be (-12)/2*64/(-24). Suppose -4*s = -m + 4. Calculate the remainder when 3 is divided by s.
0
Let u(j) = 7*j + 11. Calculate the remainder when u(5) is divided by 16.
14
Let q(z) = -z**3 + 7*z**2 - 5*z + 8. Calculate the remainder when q(6) is divided by 195/26 - (-1)/2.
6
What is the remainder when 44 is divided by 292/18 + (-4)/18?
12
Suppose 0 = -5*w - 3*a + 7*a + 110, -2 = w + 4*a. Calculate the remainder when w is divided by 7.
4
Let u(g) = -g - 2. Let x(t) = -2*t + 1. Let a be x(-1). Suppose -a*y - y = 16. What is the remainder when u(y) is divided by 1?
0
Let c(d) = 3*d**2 - d. Let w be c(1). Suppose w*j - 5*j = -69. Calculate the remainder when j is divided by 13 - 2*(-1)/(-2).
11
Suppose -5*o = -3*b - 400, 2*b = -2*b. What is the remainder when o is divided by 7?
3
Let g(p) = -10*p**2 + 21*p - 6. Let y(b) = 7*b**2 - 14*b + 4. Let q(x) = 5*g(x) + 7*y(x). Calculate the remainder when 23 is divided by q(5).
7
Suppose 3*g = 2*f - 53 - 1, 0 = -f + 5*g + 34. Let c = f + -3. Let n = c + -10. Calculate the remainder when 20 is divided by n.
9
Let f(m) = m**2 - 10*m + 10. Let y = 33 - 22. What is the remainder when f(y) is divided by 11?
10
Let j = 122 - 113. Calculate the remainder when j is divided by 3.
0
What is the remainder when 66/((15/10)/1) is divided by 9?
8
Let u(h) = h + 1. Let p be (-14)/(-7) + (-1)/(-1). Let i be u(p). Let m = i + 3. What is the remainder when 19 is divided by m?
5
Let m = 6 + -2. Suppose 0 = 4*w + 2*l - 30, -m*l - 66 + 22 = -5*w. What is the remainder when w is divided by 5?
3
Let o(m) = m**2 - 14*m + 31. Let u = 12 + -7. Suppose 50 = 5*z - u. Calculate the remainder when o(14) is divided by z.
9
Suppose 2*u + 5*g - 115 - 69 = 0, 4*g = -4*u + 344. What is the remainder when u is divided by 43?
39
Suppose 19 = t + 5*q, t + 13 = 2*t + 3*q. What is the remainder when 13 is divided by t/18 - 140/(-18)?
5
Suppose -4*k + 2*a + 84 = 0, -72 = -4*k + 4*a + 20. What is the remainder when 72 is divided by k?
15
Let s = 4 + 149. What is the remainder when s is divided by 31?
29
Let c(x) = 6*x. Let o be c(4). What is the remainder when ((-12)/o)/(2/(-20)) is divided by 5?
0
Let b(w) = w**3 + 7*w**2 + w - 1. What is the remainder when b(-5) is divided by 2/3 + 129/9?
14
Suppose -34*a = -36*a + 58. What is the remainder when 84 is divided by a?
26
Suppose -140 = -4*m + 2*n - 40, 4*n + 62 = 2*m. Suppose -7*w - 30 + 86 = 0. Calculate the remainder when m is divided by w.
7
Suppose -5*b + 23 + 12 = 0. Let m(f) = f**3 - 8*f**2 + 7*f. Let p be m(b). Suppose n - 19 = -p. Calculate the remainder when 36 is divided by n.
17
Let k(n) = 9*n + 4. Calculate the remainder when 87 is divided by k(2).
21
Let o(h) = -h**2 - 8. Let b(t) = -2*t**2 - t - 17. Let d(z) = 2*b(z) - 5*o(z). Calculate the remainder when 38 is divided by d(5).
17
Calculate the remainder when 1/(-2) - (-11)/(110/975) is divided by 25.
22
Let j = 54 + -82. Let l = 16 + j. Let d = l + 22. Calculate the remainder when 19 is divided by d.
9
Calculate the remainder when 29 is divided by 4/(-6) - (0 + (-26)/3).
5
Let i(v) = v - 1. Let s = -11 + 15. Let r be i(s). Suppose 4*l = -r*m + 18 + 26, -4*m = -4*l - 40. What is the remainder when 35 is divided by m?
11
Suppose 16 = v - 5. Suppose -4*u + 196 = -48. Calculate the remainder when u is divided by v.
19
Let o = -52 - -128. Let r = -28 + o. Calculate the remainder when r is divided by 17.
14
Suppose -16*p + 12*p + 132 = 0. Calculate the remainder when p is divided by 9.
6
Let v(o) = -o**2 - 3*o. Let k be v(-2). Let d be k + 3*3/9. Suppose 44 = d*p - p. What is the remainder when p is divided by 8?
6
Let y(o) = o**2 + 4*o + 4. Let j be y(-3). Suppose 3*m - j 